 base 11
-191
4787 (base 13) to base 4
2131202
4946 (base 10) to base 9
6705
463 (base 8) to base 2
100110011
What is 10010001101 (base 2) in base 10?
1165
Convert 6aa (base 15) to base 5.
22020
-11300 (base 4) to base 15
-198
What is -16ba2 (base 12) in base 4?
-20000222
What is -23556 (base 9) in base 14?
-5a61
-3443 (base 6) to base 15
-399
Convert 26418 (base 9) to base 8.
42655
Convert 2012000 (base 3) to base 9.
2160
What is -160014 (base 7) in base 9?
-46743
Convert 1001211200 (base 3) to base 11.
14883
Convert -1a (base 12) to base 15.
-17
Convert -2ee (base 16) to base 7.
-2121
1144 (base 5) to base 10
174
-44234 (base 5) to base 12
-1939
Convert -5b2 (base 12) to base 11.
-707
Convert -53455 (base 6) to base 4.
-1302023
Convert -1a3a9 (base 12) to base 8.
-113261
What is 6816 (base 11) in base 13?
4111
What is 323101 (base 4) in base 14?
154d
-201020 (base 3) to base 4
-20013
-12030 (base 4) to base 16
-18c
Convert -98 (base 16) to base 11.
-129
Convert 7363 (base 8) to base 11.
296a
What is -590 (base 14) in base 3?
-1111222
What is -1158 (base 14) in base 11?
-22a4
Convert 124331 (base 7) to base 5.
1220100
-121020 (base 3) to base 6
-2010
Convert -111210 (base 5) to base 8.
-7532
What is -11042 (base 7) in base 15?
-c4e
Convert -22012 (base 3) to base 7.
-434
10010101 (base 2) to base 14
a9
What is -1010202020 (base 3) in base 10?
-22416
Convert 223 (base 7) to base 12.
97
Convert 872 (base 10) to base 5.
11442
63432 (base 10) to base 8
173710
Convert -b350 (base 12) to base 5.
-1111000
1111101 (base 2) to base 14
8d
-312311 (base 4) to base 3
-11210222
Convert -20210311 (base 4) to base 5.
-2111000
Convert -2ee (base 15) to base 4.
-22202
Convert -330 (base 9) to base 10.
-270
Convert 1201121 (base 4) to base 14.
23b3
What is -2348 (base 10) in base 12?
-1438
-5573 (base 9) to base 8
-10024
Convert 3069 (base 10) to base 9.
4180
What is 199 (base 13) in base 8?
447
Convert -11101101000001 (base 2) to base 9.
-22724
Convert -1344 (base 5) to base 6.
-1012
110101011 (base 2) to base 12
2b7
What is -10442 (base 6) in base 15?
-67b
883 (base 10) to base 9
1181
What is -6457 (base 13) in base 4?
-3121222
Convert 3604 (base 14) to base 2.
10010011000100
What is 433 (base 10) in base 6?
2001
What is -3419 (base 11) in base 15?
-14ec
10220020101 (base 3) to base 15
17ae7
What is b008 (base 15) in base 5?
2142013
Convert 35368 (base 11) to base 13.
1a2b3
Convert 98c5 (base 16) to base 5.
2222414
Convert 2c0 (base 13) to base 10.
494
Convert -11044 (base 5) to base 8.
-1406
Convert -349 (base 16) to base 4.
-31021
Convert -442 (base 7) to base 8.
-342
Convert 100100000001011 (base 2) to base 9.
27262
What is 22221121 (base 3) in base 16?
197b
What is -131 (base 5) in base 10?
-41
-21313 (base 8) to base 4
-2023023
Convert -222 (base 10) to base 3.
-22020
What is -142d (base 15) in base 4?
-1003132
What is 22321 (base 4) in base 15?
317
Convert 2044 (base 8) to base 15.
4aa
-6b0 (base 14) to base 12
-92a
What is 399a (base 14) in base 6?
114524
-e (base 15) to base 16
-e
-13522 (base 6) to base 4
-201122
What is -10ee (base 16) in base 15?
-143e
-3c (base 13) to base 12
-43
-24202 (base 10) to base 15
-7287
3667 (base 12) to base 4
1133233
What is 5109 (base 12) in base 6?
104413
Convert 101101000000 (base 2) to base 5.
43010
What is 22220 (base 4) in base 15?
305
What is -1661 (base 7) in base 12?
-488
Convert 24414 (base 5) to base 13.
b00
What is 15317 (base 10) in base 3?
210000022
Convert cd0 (base 15) to base 5.
43040
What is -967 (base 14) in base 11?
-1437
Convert -189 (base 15) to base 4.
-11202
What is 330 (base 14) in base 5?
10010
-10010011011 (base 2) to base 15
-539
Convert -154 (base 13) to base 9.
-284
What is 15378 (base 10) in base 11?
10610
Convert 4949 (base 13) to base 12.
6002
25020 (base 8) to base 10
10768
Convert -820 (base 14) to base 4.
-120330
What is -135b (base 12) in base 6?
-14155
Convert -17b2 (base 13) to base 2.
-110111000101
-203024 (base 5) to base 3
-100002220
10032331 (base 4) to base 7
101362
1111112100 (base 3) to base 12
15123
452646 (base 7) to base 4
103211313
Convert -7c (base 14) to base 6.
-302
What is 352 (base 9) in base 11?
244
-1de5 (base 15) to base 9
-8838
What is 6650 (base 7) in base 6?
15015
Convert 1536 (base 7) to base 6.
2503
Convert -1001101 (base 2) to base 9.
-85
Convert 1339 (base 10) to base 16.
53b
What is -223 (base 13) in base 8?
-557
What is 610 (base 9) in base 2?
111101111
Convert 2112122 (base 3) to base 7.
5255
101033 (base 4) to base 9
1455
-15c8 (base 16) to base 8
-12710
Convert 11502 (base 7) to base 3.
11002210
325 (base 11) to base 2
110000110
3300313 (base 4) to base 2
11110000110111
-16b2 (base 13) to base 10
-3356
Convert -1301301 (base 4) to base 10.
-7281
What is 110110111000001 (base 2) in base 13?
ca34
Convert 1487 (base 13) to base 12.
1888
What is 2bba (base 12) in base 10?
5182
-77a (base 11) to base 10
-934
Convert 4671 (base 9) to base 7.
13051
Convert -1523 (base 12) to base 6.
-15243
Convert 11572 (base 10) to base 7.
45511
What is -d304 (base 15) in base 11?
-30524
3b6 (base 15) to base 9
1140
What is 211202 (base 4) in base 15?
aa2
-10110011110 (base 2) to base 11
-1098
Convert 333322 (base 5) to base 8.
26700
What is 18652 (base 9) in base 4?
3021332
What is -371 (base 10) in base 6?
-1415
Convert -410001 (base 5) to base 11.
-9953
-46d8 (base 14) to base 4
-3000312
What is -21020 (base 7) in base 8?
-12047
What is -34055 (base 6) in base 16?
-12b3
-a2b3 (base 12) to base 14
-6647
Convert 2d92 (base 15) to base 12.
5818
100111122 (base 3) to base 9
10448
What is -20a (base 13) in base 6?
-1340
What is -120222 (base 4) in base 2?
-11000101010
Convert -3045 (base 6) to base 3.
-221002
What is -1200021 (base 3) in base 13?
-730
1031350 (base 6) to base 2
1100011011010010
-7536 (base 9) to base 7
-22104
-11340 (base 7) to base 13
-1437
What is 67d1 (base 14) in base 15?
5514
10001101110 (base 2) to base 3
1120000
-2011020 (base 3) to base 13
-93c
Convert -2e58 (base 16) to base 3.
-121021102
Convert -1849 (base 10) to base 11.
-1431
-819 (base 11) to base 7
-2611
-7cf (base 16) to base 9
-2661
Convert 4333 (base 8) to base 5.
33032
Convert 5f4 (base 16) to base 2.
10111110100
-1004 (base 5) to base 14
-93
What is 1250 (base 15) in base 3?
12100110
What is -10100110111111 (base 2) in base 16?
-29bf
-60c (base 14) to base 6
-5300
What is -985 (base 12) in base 2?
-10101110101
-188b (base 12) to base 2
-101110101011
Convert 4a (base 11) to base 2.
110110
What is 653 (base 9) in base 6?
2250
What is 4ac4 (base 13) in base 10?
10638
Convert 1540 (base 6) to base 9.
516
-9a (base 15) to base 4
-2101
What is -1017 (base 14) in base 10?
-2765
What is 241 (base 13) in base 2?
110000111
Convert 2021011 (base 3) to base 5.
23101
What is 212212 (base 3) in base 14?
340
Convert -33001 (base 4) to base 13.
-58c
-120110 (base 3) to base 9
-513
What is -2112 (base 7) in base 3?
-1000120
What is b4f (base 16) in base 7?
11304
Convert -25580 (base 11) to base 5.
-2133010
11100010000101 (base 2) to base 6
150553
9224 (base 11) to base 5
342442
What is -10021 (base 4) in base 16?
-109
What is 718 (base 10) in base 6?
3154
What is 3332 (base 5) in base 3?
122022
What is -4765 (base 12) in base 13?
-3842
Convert 1553 (base 9) to base 2.
10010011110
2300 (base 6) to base 10
540
Convert 7532 (base 9) to base 7.
22100
What is 8403 (base 16) in base 4?
20100003
What is 110220 (base 3) in base 4?
11130
Convert -16a6 (base 11) to base 14.
-b13
Convert 120020202 (base 3) to base 8.
25555
33 (base 12) to base 13
30
What is 1b84 (base 14) in base 11?
3850
-618 (base 10) to base 5
-4433
-682 (base 9) to base 16
-230
839 (base 12) to base 2
10010101101
What is 102322 (base 4) in base 11?
a00
What is 11110111100101 (base 2) in base 5?
1001340
-13544 (base 6) to base 11
-1687
What is -3a3 (base 12) in base 10?
-555
-106 (base 15) to base 3
-22120
What is -30101 (base 5) in base 11?
-1479
Convert -10011111011111010 (base 2) to base 10.
-81658
-1a35 (base 12) to base 8
-6211
-14433 (base 12) to base 15
-8593
130311 (base 4) to base 16
735
Convert 383 (base 10) to base 4.
11333
What is 13160 (base 7) in base 8?
6701
What is 1328 (base 14) in base 15?
ee8
db47 (base 14) to base 3
1220